is the greatest common divisor of 676338 and 1218?
174
Calculate the highest common divisor of 1867825 and 25.
25
Calculate the greatest common factor of 4312 and 352.
88
What is the highest common factor of 1073 and 4089?
29
What is the greatest common factor of 79332 and 408?
12
What is the greatest common divisor of 1631826 and 648?
162
What is the greatest common factor of 1974 and 83286?
42
What is the highest common factor of 400 and 469575?
25
What is the highest common divisor of 7460 and 1865?
1865
Calculate the greatest common factor of 1014580 and 70.
70
What is the highest common divisor of 525 and 628100?
25
Calculate the greatest common divisor of 14 and 966.
14
What is the highest common divisor of 32915 and 454?
227
Calculate the highest common factor of 44 and 123288.
44
What is the highest common divisor of 85612 and 340?
68
What is the greatest common factor of 1052084 and 44?
44
What is the highest common factor of 18500 and 4360?
20
What is the highest common factor of 115653 and 76?
19
Calculate the highest common factor of 8218 and 210.
14
What is the greatest common divisor of 20135 and 65?
5
What is the highest common divisor of 304145 and 531?
59
What is the highest common factor of 5675 and 650?
25
Calculate the greatest common divisor of 4218 and 1824.
114
Calculate the highest common divisor of 471405 and 165.
165
What is the highest common divisor of 60 and 140460?
60
Calculate the greatest common factor of 132692 and 3136.
196
Calculate the highest common factor of 540 and 1065.
15
What is the highest common divisor of 4808 and 18?
2
Calculate the greatest common factor of 1778415 and 795.
795
What is the highest common factor of 23557 and 3?
1
Calculate the highest common factor of 14696 and 132.
44
Calculate the highest common divisor of 8 and 416196.
4
Calculate the highest common factor of 453828 and 472.
236
Calculate the greatest common divisor of 5511 and 5610.
33
What is the greatest common divisor of 2808 and 923?
13
What is the highest common divisor of 13966007 and 209?
209
What is the highest common factor of 693 and 19789?
77
Calculate the highest common divisor of 32 and 7472.
16
What is the greatest common factor of 38472 and 1120?
56
Calculate the greatest common factor of 4226829 and 68.
17
What is the greatest common factor of 2744 and 1293600?
392
What is the greatest common factor of 55379 and 79?
79
What is the highest common divisor of 69060 and 48?
12
Calculate the greatest common divisor of 12726 and 24.
6
Calculate the highest common divisor of 52 and 865852.
52
What is the greatest common factor of 6797 and 14?
7
Calculate the greatest common divisor of 12384 and 432.
144
What is the highest common factor of 187866 and 6762?
294
Calculate the highest common divisor of 756 and 152460.
252
What is the highest common divisor of 100 and 1089050?
50
Calculate the greatest common factor of 31525 and 5.
5
What is the highest common divisor of 100919 and 13?
13
What is the greatest common factor of 7 and 3983?
7
Calculate the greatest common divisor of 6 and 12160.
2
Calculate the highest common divisor of 6465435 and 15.
15
Calculate the highest common divisor of 147 and 35448.
21
What is the greatest common factor of 1209 and 5146?
31
What is the greatest common divisor of 466067 and 2395?
479
Calculate the highest common divisor of 1476699 and 399.
399
Calculate the greatest common factor of 10 and 1142.
2
Calculate the highest common divisor of 430089 and 33.
33
Calculate the highest common divisor of 531 and 2336223.
177
What is the greatest common factor of 78850 and 1520?
190
What is the greatest common divisor of 541 and 1175052?
541
What is the highest common divisor of 25873 and 5?
1
Calculate the greatest common factor of 88 and 6056.
8
Calculate the greatest common factor of 228029 and 86.
43
What is the highest common factor of 141362 and 39?
13
What is the highest common factor of 965580 and 660?
660
What is the greatest common divisor of 30 and 190590?
30
Calculate the highest common divisor of 429 and 10569.
39
What is the highest common factor of 236189 and 7657?
589
Calculate the highest common factor of 35500 and 15500.
500
Calculate the highest common factor of 1551 and 365002.
517
What is the highest common factor of 1595921 and 37?
37
What is the greatest common factor of 4144 and 448?
112
Calculate the highest common divisor of 666553 and 17.
17
Calculate the highest common divisor of 15179 and 52597.
353
Calculate the highest common factor of 26406 and 2282.
326
Calculate the highest common factor of 1177290 and 25146.
2286
Calculate the highest common factor of 20524 and 126809.
733
What is the greatest common factor of 242 and 16970?
2
What is the highest common divisor of 16 and 262400?
16
What is the greatest common divisor of 636673 and 1?
1
What is the highest common divisor of 147363 and 3?
3
Calculate the greatest common divisor of 104300 and 800.
100
Calculate the greatest common divisor of 884104 and 364.
52
Calculate the highest common factor of 105 and 808675.
35
Calculate the greatest common factor of 263093 and 19.
19
Calculate the greatest common factor of 5 and 96665.
5
What is the highest common factor of 403722 and 396?
198
What is the greatest common factor of 420486 and 276?
138
Calculate the highest common factor of 409317 and 456.
57
Calculate the greatest common divisor of 33067 and 86.
43
What is the greatest common divisor of 570 and 15870?
30
What is the greatest common factor of 6 and 13239?
3
Calculate the highest common factor of 79 and 15879.
79
Calculate the highest common factor of 1000987 and 169.
169
Calculate the highest common divisor of 11355075 and 90.
45
What is the highest common factor of 434 and 296744?
14
What is the highest common factor of 108450 and 300?
150
What is the highest common divisor of 42 and 35119?
7
Calculate the greatest common factor of 1058 and 427961.
529
What is the highest common factor of 1668165 and 75?
15
What is the highest common factor of 27990 and 288?
18
Calculate the greatest common divisor of 3837 and 730309.
1279
Calculate the greatest common divisor of 418 and 4550557.
209
What is the highest common divisor of 125342 and 98?
98
Calculate the highest common divisor of 24723 and 9045.
603
What is the highest common divisor of 206448 and 68?
68
What is the greatest common factor of 1466617 and 206?
103
Calculate the greatest common divisor of 2211507 and 9.
9
Calculate the highest common factor of 9880 and 1016405.
1235
Calculate the highest common divisor of 163947 and 422.
211
What is the highest common factor of 42871 and 129?
43
What is the greatest common factor of 832 and 2912?
416
What is the greatest common factor of 2090 and 531278?
418
What is the greatest common factor of 148214 and 154?
22
What is the greatest common divisor of 5681 and 9269?
299
What is the greatest common divisor of 15065 and 202395?
655
Calculate the highest common divisor of 38430 and 71190.
630
Calculate the greatest common factor of 7453 and 464.
29
What is the highest common factor of 102743 and 3937?
127
What is the highest common divisor of 3582937 and 34?
17
Calculate the highest common factor of 51905 and 945.
35
What is the highest common factor of 5371 and 656?
41
Calculate the highest common factor of 573 and 114791.
191
Calculate the highest common factor of 67 and 4463607.
67
Calculate the greatest common factor of 6860 and 812.
28
Calculate the highest common factor of 3228058 and 1226.
1226
What is the highest common factor of 122 and 68869?
61
What is the highest common factor of 2616 and 402?
6
What is the greatest common factor of 30132 and 42?
6
Calculate the greatest common factor of 72604 and 3024.
28
Calculate the highest common divisor of 160801 and 2406.
401
Calculate the highest common factor of 790 and 103885.
395
Calculate the greatest common divisor of 18902 and 13.
13
What is the highest common divisor of 111569 and 93?
31
What is the greatest common factor of 891297 and 108?
27
What is the highest common factor of 25 and 8725?
25
Calculate the highest common divisor of 2006 and 335.
1
What is the highest common divisor of 232 and 4808?
8
What is the greatest common divisor of 1148 and